lculate the remainder when 342 is divided by 177.
165
What is the remainder when 521 is divided by 102?
11
Calculate the remainder when 350 is divided by 27.
26
What is the remainder when 290 is divided by 37?
31
Calculate the remainder when 1584 is divided by 275.
209
What is the remainder when 492 is divided by 13?
11
Calculate the remainder when 209 is divided by 101.
7
Calculate the remainder when 155 is divided by 109.
46
What is the remainder when 1198 is divided by 5?
3
What is the remainder when 1281 is divided by 1276?
5
Calculate the remainder when 138 is divided by 11.
6
What is the remainder when 84 is divided by 64?
20
Calculate the remainder when 1900 is divided by 68.
64
What is the remainder when 474 is divided by 25?
24
What is the remainder when 1320 is divided by 55?
0
Calculate the remainder when 93 is divided by 33.
27
What is the remainder when 684 is divided by 343?
341
What is the remainder when 87 is divided by 8?
7
Calculate the remainder when 113 is divided by 21.
8
Calculate the remainder when 12 is divided by 3.
0
Calculate the remainder when 163 is divided by 64.
35
What is the remainder when 353 is divided by 116?
5
What is the remainder when 756 is divided by 215?
111
Calculate the remainder when 177 is divided by 9.
6
What is the remainder when 429 is divided by 200?
29
Calculate the remainder when 827 is divided by 141.
122
What is the remainder when 189 is divided by 154?
35
Calculate the remainder when 33 is divided by 21.
12
Calculate the remainder when 5987 is divided by 5.
2
Calculate the remainder when 71 is divided by 38.
33
What is the remainder when 537 is divided by 27?
24
What is the remainder when 484 is divided by 97?
96
Calculate the remainder when 88 is divided by 28.
4
Calculate the remainder when 637 is divided by 116.
57
Calculate the remainder when 2174 is divided by 2169.
5
What is the remainder when 87 is divided by 22?
21
What is the remainder when 20529 is divided by 29?
26
Calculate the remainder when 204 is divided by 27.
15
What is the remainder when 4365 is divided by 2169?
27
Calculate the remainder when 703 is divided by 90.
73
Calculate the remainder when 823 is divided by 8.
7
Calculate the remainder when 425 is divided by 27.
20
What is the remainder when 73 is divided by 20?
13
Calculate the remainder when 41 is divided by 8.
1
What is the remainder when 485 is divided by 49?
44
Calculate the remainder when 697 is divided by 28.
25
What is the remainder when 1870 is divided by 78?
76
What is the remainder when 1023 is divided by 49?
43
Calculate the remainder when 525 is divided by 178.
169
Calculate the remainder when 266 is divided by 9.
5
Calculate the remainder when 244 is divided by 8.
4
Calculate the remainder when 770 is divided by 270.
230
What is the remainder when 262 is divided by 24?
22
Calculate the remainder when 535 is divided by 147.
94
What is the remainder when 810 is divided by 156?
30
Calculate the remainder when 122 is divided by 109.
13
What is the remainder when 949 is divided by 14?
11
What is the remainder when 1085 is divided by 16?
13
What is the remainder when 379 is divided by 76?
75
What is the remainder when 6892 is divided by 3446?
0
What is the remainder when 213 is divided by 55?
48
What is the remainder when 112 is divided by 13?
8
What is the remainder when 562 is divided by 82?
70
What is the remainder when 5148 is divided by 17?
14
Calculate the remainder when 92 is divided by 19.
16
What is the remainder when 18 is divided by 14?
4
What is the remainder when 189 is divided by 6?
3
Calculate the remainder when 57 is divided by 32.
25
What is the remainder when 287 is divided by 40?
7
Calculate the remainder when 3678 is divided by 16.
14
What is the remainder when 125 is divided by 18?
17
Calculate the remainder when 891 is divided by 22.
11
Calculate the remainder when 878 is divided by 126.
122
Calculate the remainder when 532 is divided by 139.
115
Calculate the remainder when 240 is divided by 127.
113
What is the remainder when 150 is divided by 93?
57
What is the remainder when 304 is divided by 31?
25
Calculate the remainder when 1129 is divided by 231.
205
Calculate the remainder when 101 is divided by 61.
40
Calculate the remainder when 175 is divided by 4.
3
Calculate the remainder when 67 is divided by 7.
4
What is the remainder when 91 is divided by 7?
0
What is the remainder when 392 is divided by 33?
29
Calculate the remainder when 1289 is divided by 15.
14
Calculate the remainder when 183 is divided by 10.
3
What is the remainder when 478 is divided by 10?
8
What is the remainder when 109 is divided by 15?
4
What is the remainder when 41 is divided by 5?
1
Calculate the remainder when 845 is divided by 18.
17
What is the remainder when 13821 is divided by 128?
125
Calculate the remainder when 449 is divided by 147.
8
What is the remainder when 79 is divided by 59?
20
Calculate the remainder when 145 is divided by 46.
7
What is the remainder when 351 is divided by 64?
31
Calculate the remainder when 215 is divided by 18.
17
Calculate the remainder when 838 is divided by 14.
12
What is the remainder when 148 is divided by 96?
52
Calculate the remainder when 804 is divided by 59.
37
Calculate the remainder when 242 is divided by 49.
46
What is the remainder when 479 is divided by 81?
74
Calculate the remainder when 133 is divided by 23.
18
What is the remainder when 1373 is divided by 81?
77
Calculate the remainder when 627 is divided by 301.
25
Calculate the remainder when 52 is divided by 25.
2
What is the remainder when 1050 is divided by 34?
30
Calculate the remainder when 116 is divided by 24.
20
What is the remainder when 1704 is divided by 524?
132
What is the remainder when 175 is divided by 59?
57
What is the remainder when 524 is divided by 106?
100
What is the remainder when 168 is divided by 40?
8
Calculate the remainder when 1440 is divided by 111.
108
What is the remainder when 448 is divided by 60?
28
Calculate the remainder when 38 is divided by 16.
6
Calculate the remainder when 164 is divided by 66.
32
Calculate the remainder when 793 is divided by 160.
153
What is the remainder when 178 is divided by 95?
83
What is the remainder when 54 is divided by 14?
12
Calculate the remainder when 672 is divided by 100.
72
What is the remainder when 57 is divided by 6?
3
What is the remainder when 124 is divided by 17?
5
What is the remainder when 298 is divided by 14?
4
What is the remainder when 161 is divided by 9?
8
What is the remainder when 33 is divided by 8?
1
Calculate the remainder when 40 is divided by 24.
16
What is the remainder when 186 is divided by 109?
77
Calculate the remainder when 182 is divided by 28.
14
Calculate the remainder when 219 is divided by 25.
19
What is the remainder when 472 is divided by 121?
109
Calculate the remainder when 140 is divided by 12.
8
Calculate the remainder when 208 is divided by 53.
49
What is the remainder when 3797 is divided by 152?
149
What is the remainder when 4487 is divided by 68?
67
What is the remainder when 282 is divided by 58?
50
What is the remainder when 1858 is divided by 49?
45
Calculate the remainder when 4956 is divided by 29.
26
Calculate the remainder when 3620 is divided by 15.
5
Calculate the remainder when 1913 is divided by 1904.
9
Calculate the remainder when 184 is divided by 24.
16
What is the remainder when 5903 is divided by 1959?
26
Calculate the remainder when 537 is divided by 141.
114
What is the remainder when 56 is divided by 28?
0
What is the remainder when 9484 is divided by 84?
76
Calculate the remainder when 9 is divided by 3.
0
What is the remainder when 2464 is divided by 163?
19
Calculate the remainder when 181 is divided by 47.
40
Calculate the remainder when 2330 is divided by 53.
51
What is the remainder when 141 is divided by 36?
33
What is the remainder when 216 is divided by 86?
44
What is the remainder when 159 is divided by 8?
7
What is the remainder when 35 is divided by 1?
0
Calculate the remainder when 90 is divided by 1.
0
What is the remainder when 363 is divided by 73?
71
What is the remainder when 395 is divided by 15?
5
What is the remainder when 1866 is divided by 168?
18
What is the remainder when 52 is div